10101010011001100
In base 13, what is -9609 + -1c9?
-9805
In base 8, what is -22262 + 43353?
21071
In base 15, what is 3 + 6d378dd?
6d378e1
In base 15, what is 11 + -76513?
-76502
In base 11, what is 31 + -5406811?
-5406790
In base 7, what is -540326 + -23?
-540352
In base 12, what is 5 - 2241149?
-2241144
In base 7, what is 1120530 + 365?
1121225
In base 4, what is 2012300 + -203122?
1203112
In base 2, what is -111101000101 + -100010010100?
-1011111011001
In base 11, what is a271382 + 15?
a271397
In base 12, what is 1 + 3885a2a?
3885a2b
In base 12, what is -4b - -1936a3a?
19369ab
In base 14, what is -18 + 3ba6081?
3ba6067
In base 9, what is 110176357 - -3?
110176361
In base 9, what is 26 - 44128865?
-44128838
In base 15, what is -2e288ea - 1?
-2e288eb
In base 8, what is -1 + -2117142556?
-2117142557
In base 15, what is 83 + -5d7d69?
-5d7cd6
In base 8, what is -124666 - -30102?
-74564
In base 10, what is 5043 + 1211?
6254
In base 4, what is -33200 - -1102030031?
1101330231
In base 10, what is -2142 + 10077?
7935
In base 13, what is -1ca - 16513?
-16710
In base 3, what is 2021202111 - 202110021?
1112022020
In base 13, what is -14a + c938?
c7bb
In base 8, what is -7 + 4006540?
4006531
In base 14, what is -b + -256c29?
-256c36
In base 8, what is -230735 + -13463?
-244420
In base 15, what is -97a + 13b4?
939
In base 13, what is -450a03a + -3?
-450a040
In base 6, what is -121 - -144113543?
144113422
In base 9, what is 2631 - 207788?
-205157
In base 15, what is -6962 - -206e?
-48e3
In base 13, what is -305557 - 5a?
-3055b4
In base 6, what is -104442 + 1235?
-103203
In base 3, what is -21120200201 - -12200?
-21120111001
In base 10, what is 1 - -1915604?
1915605
In base 8, what is 2402 - 76443?
-74041
In base 8, what is 5221725 + 151?
5222076
In base 13, what is ac3 + 411?
1204
In base 2, what is -1011010001101110010110 - 0?
-1011010001101110010110
In base 16, what is 6b - 214d?
-20e2
In base 16, what is 222869b + -4?
2228697
In base 3, what is 220122100 + -111120122?
102001201
In base 4, what is 10320130221 + 1?
10320130222
In base 7, what is 4 - -42401603?
42401610
In base 14, what is -1a5 + 16dcc?
16c27
In base 2, what is 1010111011010001 + 1100?
1010111011011101
In base 6, what is 5 + 250312315?
250312324
In base 12, what is -49368 + -6?
-49372
In base 4, what is 30 + -100010230032?
-100010230002
In base 4, what is 200232023 - -3?
200232032
In base 11, what is 1 + 41805a3?
41805a4
In base 13, what is 5 + -1430b0?
-1430a8
In base 14, what is 15 + 8997?
89ac
In base 4, what is 121333301 + 1110?
122001011
In base 8, what is 327 + 1045361?
1045710
In base 5, what is -341142 + 300233?
-40404
In base 9, what is 32 + 1044313?
1044345
In base 14, what is 23 - -752c89?
752cac
In base 2, what is -1000001101110011101000011 + -1000?
-1000001101110011101001011
In base 2, what is 1001100011001010000 - 10101101000?
1001100000011101000
In base 8, what is -46456 - -25360?
-21076
In base 4, what is -10103113231 - -332?
-10103112233
In base 4, what is -10 - -101202200230?
101202200220
In base 12, what is -461597 - 95?
-461670
In base 12, what is -5 - -12212217?
12212212
In base 13, what is -15cbc6 - b5?
-15ccab
In base 11, what is 1a - 6a664?
-6a645
In base 3, what is -2012211010 + -12000112?
-2101211122
In base 15, what is -1027 - -848a?
7463
In base 14, what is 282312 + -1b?
2822d5
In base 13, what is -1 - -5702a219?
5702a218
In base 16, what is -175cd - -230?
-1739d
In base 9, what is 555 + -40571?
-40015
In base 5, what is 122303 - -23222?
201030
In base 4, what is -10122301202 + 12?
-10122301130
In base 15, what is 4928 + -1226?
3702
In base 8, what is -27062272 + 36?
-27062234
In base 7, what is 3 - -13523250?
13523253
In base 7, what is -5666225 + 1301?
-5664624
In base 5, what is -223003301 - 11?
-223003312
In base 7, what is -1513 + 6113600?
6112054
In base 12, what is 1876590 + a?
187659a
In base 8, what is -14523 - 3434?
-20157
In base 12, what is -150910282 - 4?
-150910286
In base 10, what is -17 - 5030575?
-5030592
In base 13, what is 8 + bc5831?
bc5839
In base 4, what is -133 - -1202200210?
1202200011
In base 16, what is -133e - 32f?
-166d
In base 9, what is 21180 - -27688?
48878
In base 11, what is -194 + 262873?
26268a
In base 5, what is 1 - -12241134211?
12241134212
In base 5, what is 24 + -133302141?
-133302112
In base 7, what is -134404 + 1023?
-133351
In base 10, what is 15689747 + 19?
15689766
In base 16, what is 31e9cc + -4?
31e9c8
In base 9, what is -6 + -11180702?
-11180708
In base 5, what is -22 + -13221133130?
-13221133202
In base 2, what is -1110110001001 - 1100010111?
-10000010100000
In base 16, what is -5b + -6ca73d?
-6ca798
In base 4, what is 3 - -303111022232?
303111022301
In base 12, what is 113290573 - 2?
113290571
In base 12, what is 2 + 8692712b?
86927131
In base 5, what is -1123212142 + -32?
-1123212224
In base 7, what is 40610401 - -12?
40610413
In base 4, what is -1323231300 - 102?
-1323232002
In base 5, what is 0 + 2212022433?
2212022433
In base 16, what is -3dcd474 - 9?
-3dcd47d
In base 11, what is 159 + -22907?
-22759
In base 5, what is -1120320 + 14111?
-1101204
In base 12, what is 34900 + -87?
34835
In base 11, what is 2 + -26146513?
-26146511
In base 7, what is 112 + 150056653?
150060065
In base 6, what is 4200205025 - 2?
4200205023
In base 12, what is -12614048 + 4?
-12614044
In base 3, what is -1110100110120 - 100?
-1110100110220
In base 12, what is 63704822 + 5?
63704827
In base 12, what is -132a + 349b7?
33689
In base 2, what is -101100101011 + 110010110010?
110000111
In base 10, what is 104739820 + -3?
104739817
In base 4, what is -22320 + -132231?
-221211
In base 9, what is 344 - 34046?
-33602
In base 15, what is 17e5b + -cc7?
17184
In base 10, what is 262650 + 483?
263133
In base 11, what is 343971 + 14?
343985
In base 15, what is -4c7d9 - -10c?
-4c6cc
In base 9, what is 134 + 242212?
242346
In base 12, what is 805b826 - a?
805b818
In base 15, what is 1d - 4c77b3?
-4c7795
In base 14, what is -7 - -427109?
427102
In base 16, what is -2e - -f3595?
f3567
In base 3, what is -20022221 + -11211?
-20111202
In base 7, what is 43311 - 12051?
31230
In base 13, what is 1c2585a - -23?
1c25880
In base 16, what is a34d06 + -1?
a34d05
In base 6, what is -1143404 - -350?
-1143014
In base 2, what is -10000110010100001000011011 + -101?
-10000110010100001000100000
In base 4, what is 1300332000 + 121?
1300332121
In base 5, what is 43 + 34222003040?
34222003133
In base 16, what is 73302 - -17?
73319
In base 4, what is 1313 - -1233200303?
1233202222
In base 8, what is 11760 - 1452?
10306
In base 13, what is -351 + 14774?
14423
In base 7, what is -225535 + -461?
-226326
In base 12, what is -28b77b4 + 1?
-28b77b3
In base 2, what is -1001110011 - -100011011100101111?
100011010010111100
In base 7, what is 3 + 232313042?
232313045
In base 9, what is -533 + 76655?
76122
In base 7, what is 122315 - 420?
121565
In base 13, what is 142a5332 + 3?
142a5335
In base 14, what is 1 - 77d0cc2?
-77d0cc1
In base 14, what is 6 + 18a1d10?
18a1d16
In base 9, what is -3646550 - -5?
-3646544
In base 10, what is 8 - -108014337?
108014345
In base 13, what is -2967073 - -8?
-2967068
In base 12, what is 1 - 10801b59?
-10801b58
In base 10, what is -3494 - 3951?
-7445
In base 5, what is -3 + 20133423334?
20133423331
In base 10, what is -5 - 31275702?
-31275707
In base 3, what is 12202 - 211001111?
-210211202
In base 16, what is 701962c + -5?
7019627
In base 10, what is -203158461 - -3?
-203158458
In base 8, what is 36142072 - 4?
36142066
In base 8, what is -2 - -36665461?
36665457
In base 7, what is 2660140 - -30?
2660200
In base 5, what is -1314 - 1334002121?
-1334003440
In base 16, what is -3 + -f02ef5?
-f02ef8
In base 13, what is -158983 - 16c?
-158b22
In base 7, what is 13 + -12634503?
-12634460
In base 3, what is -11 + 2202122020201?
2202122020120
In base 4, what is 12331313331321 + 1?
12331313331322
In base 14, what is 13171521 - -1?
13171522
In base 9, what is -30453867 - -4?
-30453863
In base 3, what is -10001120202 + 1010111?
-10000110021
In base 3, what is -1220102220120 - -2?
-1220102220111
In base 8, what is 2157 + 305121?
307300
In base 3, what is -21020 - -111201010020?
111200212000
In base 16, what is -92b30 - -4?
-92b2c
In base 6, what is -10211